{"id":108,"date":"2020-08-28T08:27:08","date_gmt":"2020-08-28T06:27:08","guid":{"rendered":"http:\/\/san-hilario.es\/?page_id=108"},"modified":"2025-10-01T17:34:57","modified_gmt":"2025-10-01T15:34:57","slug":"horarios","status":"publish","type":"page","link":"https:\/\/san-hilario.es\/index.php\/horarios\/","title":{"rendered":"Horarios 2025 &#8211; 2026"},"content":{"rendered":"\n<figure class=\"wp-block-table is-style-regular\"><table><tbody><tr><td><strong>Misas (horario de invierno)<\/strong><strong><\/strong><\/td><\/tr><tr><td>   Diario (Lunes a Viernes): 8:00 y 19:00 h.<\/td><\/tr><tr><td>   <strong>S\u00e1bados<\/strong>: 9:30 (con Laudes) y 19:00 h.<\/td><\/tr><tr><td>   <strong>Domingos y festivos<\/strong>: 9:30 12:00 13:00 y 19:00 h.<\/td><\/tr><tr><td><strong>Misas (horario de verano julio y agosto)<\/strong><\/td><\/tr><tr><td>  <strong> Diario<\/strong>: 20:00 h.<\/td><\/tr><tr><td>   <strong>Domingos y festivos<\/strong>: 9:30 12:30 y 20:00 h.<\/td><\/tr><tr><td><strong>Celebraci\u00f3n del Perd\u00f3n<\/strong><\/td><\/tr><tr><td>   <strong>Individual<\/strong>: antes de cada eucarist\u00eda y, en cualquier momento, pidi\u00e9ndoselo a los sacerdotes.<\/td><\/tr><tr><td><strong>Comunitaria<\/strong>: <br>                      <strong>Adviento<\/strong> 17 de diciembre a las 19:45 h.<br>                      <strong>Cuaresma<\/strong> 25 de marzo a las 19:45 h.<\/td><\/tr><tr><td><strong>Despacho Parroquial<\/strong><\/td><\/tr><tr><td>   <strong>Lunes<\/strong> de 13:00 a 14:00 h.<\/td><\/tr><tr><td>   <strong>Martes y Jueves<\/strong> de 17:30 a 18:30 h.<\/td><\/tr><tr><td>   <strong>Viernes<\/strong> de 20:00 a 21:00 h.<\/td><\/tr><\/tbody><\/table><\/figure>\n\n\n\n<h2 class=\"wp-block-heading\">Acciones pastorales y servicios a la comunidad<\/h2>\n\n\n\n<h3 class=\"wp-block-heading\">CATEQUESIS Y FORMACI\u00d3N<\/h3>\n\n\n\n<p>La finalidad de la catequesis es que todo hombre y mujer puedan experimentar la presencia de Dios en sus vidas. Es un camino de crecimiento y maduraci\u00f3n en la fe en un contexto comunitario-eclesial que informa la mente y toca el coraz\u00f3n llevando a la persona a abrazar a Cristo de modo pleno. Por medio de la catequesis podemos captar el plan de Dios-Padre centrado en la persona de Cristo en la propia vida cotidiana; adem\u00e1s de de descubrir el significado \u00faltimo de la existencia y la historia.<br>Vemos la catequesis como un proceso continuado, no sectorial ni para el sacramento, sino para vida desde la comunidad cristiana.<br>Toda la comunidad cristiana es la responsable de la catequesis, ya que la catequesis es un aspecto de la evangelizaci\u00f3n. Y la Iglesia toda es la que evangeliza, aunque hay que rese\u00f1ar, de manera especial, la labor del catequista.<\/p>\n\n\n\n<figure class=\"wp-block-table\"><table><tbody><tr><td>P<strong>ara ni\u00f1os<\/strong><\/td><td>Domingos de 10:45 a 11:45 h (a las 12,  Eucarist\u00eda).<\/td><\/tr><tr><td><strong>Para preadolescentes<\/strong><\/td><td>Domingos de 13:00 a 14:00 h<\/td><\/tr><tr><td><strong>Para j\u00f3venes<\/strong><\/td><td>Domingos por la tarde.<\/td><\/tr><tr><td><strong>Para padres<\/strong><\/td><td>Domingos alternos, dos grupos, uno a las 11.00 y otro a las 13:00 h.<\/td><\/tr><tr><td><strong>Lectio divina: par\u00e1bolas y cartas de San Pablo<\/strong><\/td><td>Jueves de 19:45 a 20:45 h.<\/td><\/tr><tr><td><strong>Vida Ascendente<\/strong><\/td><td>Mi\u00e9rcoles de 17:45 a 18:30 h<\/td><\/tr><tr><td><strong>Curso  de Biblia <\/strong><\/td><td>Viernes de 19:45 a 21:00 h<\/td><\/tr><tr><td><strong>Grupo encuentro, oraci\u00f3n<\/strong> <strong>y formaci\u00f3n<\/strong><\/td><td>3\u00ba s\u00e1bado de mes a las 17:00 h<\/td><\/tr><tr><td><\/td><td><\/td><\/tr><\/tbody><\/table><\/figure>\n\n\n\n<h3 class=\"wp-block-heading\">CATEQUESIS DE PREPARACI\u00d3N  A LOS SACRAMENTOS<\/h3>\n\n\n\n<div class=\"wp-block-columns is-layout-flex wp-container-core-columns-is-layout-9d6595d7 wp-block-columns-is-layout-flex\">\n<div class=\"wp-block-column is-layout-flow wp-block-column-is-layout-flow\" style=\"flex-basis:100%\">\n<div class=\"wp-block-columns is-layout-flex wp-container-core-columns-is-layout-9d6595d7 wp-block-columns-is-layout-flex\">\n<div class=\"wp-block-column is-layout-flow wp-block-column-is-layout-flow\" style=\"flex-basis:100%\">\n<div class=\"wp-block-group\"><div class=\"wp-block-group__inner-container is-layout-flow wp-block-group-is-layout-flow\">\n<div class=\"wp-block-columns is-layout-flex wp-container-core-columns-is-layout-9d6595d7 wp-block-columns-is-layout-flex\">\n<div class=\"wp-block-column is-layout-flow wp-block-column-is-layout-flow\" style=\"flex-basis:100%\">\n<figure class=\"wp-block-table\"><table><tbody><tr><td><strong>Bautismo<\/strong><\/td><td>1\u00ba y 2\u00ba s\u00e1bado de mes&nbsp; 17:30 a 18:30 h <\/td><\/tr><tr><td><strong>Matrimonio<\/strong><\/td><td>Avisar con tres meses de antelaci\u00f3n, en ese momento se concretar\u00e1 la fecha del cursillo en el que participar\u00e1n los novios<\/td><\/tr><tr><td><strong>Equipo de catequistas de infancia<\/strong><\/td><td>4\u00ba domingo de mes a las 12:45 h<\/td><\/tr><tr><td><strong>Equipo de catequistas de \u201cpreas\u201d y j\u00f3venes<\/strong><\/td><td>Reuni\u00f3n mensual<\/td><\/tr><\/tbody><\/table><\/figure>\n<\/div>\n<\/div>\n<\/div><\/div>\n<\/div>\n<\/div>\n<\/div>\n<\/div>\n\n\n\n<h3 class=\"wp-block-heading\">C\u00c1RITAS Y COMPROMISO SOCIAL<\/h3>\n\n\n\n<p>La caridad  es una dimensi\u00f3n esencial, constitutiva de nuestra vida cristiana y eclesial, que compete a cada uno en particular y a toda la comunidad. El amor al pr\u00f3jimo enraizado en el Amor a Dios es tarea para cada fiel, pero lo es tambi\u00e9n para toda la comunidad eclesial llamada a dar testimonio de la misericordia de Dios.<\/p>\n\n\n\n<p>Es necesario que la comunidad cristiana sea el verdadero sujeto eclesial de la caridad y toda ella se sienta implicada en el servicio a los pobres; porque desde el ejercicio de la caridad, la Comunidad cristiana se hace sacramento del amor de Dios para los hombres en medio del mundo.<\/p>\n\n\n\n<p>La Iglesia es caridad. Lo ha sido, lo es y lo debe seguir siendo siempre, si quiere ser Iglesia de Cristo que dio su vida por todos. Ha de estar atenta a las necesidades materiales, ps\u00edquicas y espirituales no s\u00f3lo de los miembros de la propia comunidad, sino del entorno (Arciprestazgo), de la Vicar\u00eda, de la sociedad en general y del mundo empobrecido, de cerca o de lejos.<\/p>\n\n\n\n<figure class=\"wp-block-table\"><table><tbody><tr><td><strong>Despacho de acogida<\/strong><br><\/td><td>Jueves de 17:00 a 18:00 h<\/td><\/tr><tr><td><strong>Equipo<\/strong> <strong>de<\/strong> <strong>C\u00e1ritas<\/strong> <strong>y voluntarios<\/strong><\/td><td>segundo lunes de mes a las 19:45 h.<\/td><\/tr><tr><td><strong>Pastoral de la Salud, Apoyo a la debilidad y dem\u00e1s voluntarios<\/strong><\/td><td>Reuni\u00f3n bimensual<\/td><\/tr><tr><td><strong>Comisi\u00f3n  del<\/strong> <strong>Proyecto Solidario &#8211; Manos Unidas<\/strong><\/td><td>Primer s\u00e1bado de mes a las 11:00 h<\/td><\/tr><tr><td><strong>Recogida de ropa y zapatos  para C\u00e1ritas Diocesana (Moda Re)<\/strong><\/td><td>&nbsp;<\/td><\/tr><tr><td><strong>Operaci\u00f3n kilo en Navidad y recogida de alimentos  para familias necesitadas<\/strong><\/td><td>A lo largo del a\u00f1o.<\/td><\/tr><tr><td><strong>Recogida de medicinas no caducadas para C\u00e1ritas de Venezuela<\/strong><\/td><td>Permanente<\/td><\/tr><tr><td><strong>Taller de ESCUCHA PERSONALIZADA <\/strong><\/td><td>Horarios a concretar<\/td><\/tr><\/tbody><\/table><\/figure>\n\n\n\n<h4 class=\"wp-block-heading\"><strong>CELEBRACIONES DE LA FE<\/strong><\/h4>\n\n\n\n<p>En las celebraciones lit\u00fargicas confesamos y proclamamos nuestra fe. Celebrar es expresar con <strong>gozo y j\u00fabilo<\/strong> lo que vivimos y creemos. Lo que no se expresa no es, no existe, o puede acabar no siendo, no existiendo. Expresar es pasar al plano de lo visible y sensible aquello que permanec\u00eda invisible, que estaba dentro.<\/p>\n\n\n\n<p>Lo que expresamos en una celebraci\u00f3n cobra vida, no se queda en la raz\u00f3n, en lo  te\u00f3rico, en los conceptos. La fe que se celebra se hace vida porque la celebraci\u00f3n es un paso importante para encarnar la fe, para traducirla en compromiso. <br>La celebraci\u00f3n lit\u00fargica crea y recrea a la comunidad. La comunidad que celebra la fe se va haciendo m\u00e1s comunidad.<br><\/p>\n\n\n\n<figure class=\"wp-block-table\"><table><tbody><tr><td><strong>Rosario<\/strong><\/td><td>Todos los d\u00edas a las 18:30h<br>(En mayo: \u201cFlores a Mar\u00eda\u201d a las 18:15 h)<\/td><\/tr><tr><td><strong>Exposici\u00f3n y oraci\u00f3n ante el Sant\u00edsimo<\/strong><\/td><td>Martes de 19:40 a 20:30 h<\/td><\/tr><tr><td><strong>Oraci\u00f3n Taiz\u00e9<\/strong><\/td><td>Terceros domingos:  &nbsp; 19:00 a 20:00h<\/td><\/tr><tr><td><strong>Retiros<\/strong><\/td><td><strong>Adviento<\/strong>: 29 de noviembre (S\u00e1bado de 10:30-13:30 h)<br><strong>Cuaresma<\/strong>: 21 de febrero  (s\u00e1bado de 10:30-13:30 h)<\/td><\/tr><\/tbody><\/table><\/figure>\n\n\n\n<h3 class=\"wp-block-heading\"><strong>AULA DE CULTURA Y TALLERES<\/strong><\/h3>\n\n\n\n<p>La Parroquia est\u00e1 llamada a ser lugar y signo de referencia, facilitadora de todo aquello para lo que est\u00e9 capacitada y pueda contribuir al desarrollo personal, al encuentro, al di\u00e1logo, a la socializaci\u00f3n y al cultivo de la amistad.<br>De ah\u00ed la propuesta de nuestra Parroquia: \u00abAula de<strong> Cultura\u00bb y \u00abTalleres\u00bb<\/strong>.<\/p>\n\n\n\n<h4 class=\"wp-block-heading\"><em><strong>C<\/strong><\/em><strong><em>ultura<\/em><\/strong>: <\/h4>\n\n\n\n<figure class=\"wp-block-table\"><table><tbody><tr><td><strong>Inform\u00e1tica<\/strong><\/td><td><strong>Lunes<\/strong> 16:00 h<br><strong>Martes<\/strong> 16:00 h.<br><strong>Mi\u00e9rcoles<\/strong> 17:00 h.<\/td><\/tr><tr><td><strong>Actualizaci\u00f3n cultural<\/strong><\/td><td><strong>Lunes<\/strong> de 17:30 a 19:30 h.<\/td><\/tr><tr><td><strong>Curso de Arte<\/strong> <strong>e Historia<\/strong><\/td><td><strong>Martes<\/strong> y jueves a las 17:30 a 19:00 h.<\/td><\/tr><tr><td><strong>Curso de Ingl\u00e9s<\/strong><\/td><td><strong>Mi\u00e9rcoles<\/strong> (ma\u00f1ana) y <strong>viernes<\/strong> (tarde)<\/td><\/tr><tr><td><strong>Guitarra<\/strong><\/td><td><strong>Viernes<\/strong> de 18:0 a 19:00 h.<\/td><\/tr><tr><td><strong>Grupo de Teatro<\/strong><\/td><td><strong>Lunes<\/strong> de 19:00 a 21:00 h.<\/td><\/tr><tr><td><\/td><td><\/td><\/tr><\/tbody><\/table><\/figure>\n\n\n\n<h4 class=\"wp-block-heading\"><em><strong>Talleres<\/strong><\/em><\/h4>\n\n\n\n<figure class=\"wp-block-table\"><table><tbody><tr><td><strong>Taller de memoria<\/strong><\/td><td> <strong>Lunes<\/strong> 11:00 y 17:30 h.<strong><br>Mi\u00e9rcoles<\/strong> 17:00 h<br><strong>Viernes<\/strong> 18:30 y 19:45 h <\/td><\/tr><tr><td><strong>Taller de comunicaci\u00f3n<\/strong><\/td><td>Mi\u00e9rcoles de 11:00 a 12:30 h.<\/td><\/tr><tr><td><strong>Taller de comunicaci\u00f3n 2<\/strong><\/td><td>S\u00e1bados alternos de 10:30 a 13:00 h.<\/td><\/tr><tr><td><strong>Taller de lectura<\/strong><\/td><td>Jueves a las 17:00 h<\/td><\/tr><tr><td><strong>Manejo de m\u00f3vil<\/strong><\/td><td>Mi\u00e9rcoles (ma\u00f1ana)<\/td><\/tr><tr><td><strong>Manualidades<\/strong><\/td><td>Martes de 17:30 19:00 h<\/td><\/tr><tr><td><strong>Baile en l\u00ednea<\/strong><\/td><td>Lunes, mi\u00e9rcoles y viernes (tarde)<\/td><\/tr><tr><td><strong>Gimnasia de mantenimiento<\/strong><\/td><td>Martes y jueves (ma\u00f1ana y tarde)<\/td><\/tr><tr><td><strong>Grupo instrumental &#8211; Banda<\/strong> <br>         <strong> \u00abROKILARIOS\u00bb<\/strong><\/td><td>Mi\u00e9rcoles a las 20:00 h.<\/td><\/tr><tr><td><strong>Taich\u00ed <\/strong><\/td><td>Viernes de 11:00 a 12:00 h.<\/td><\/tr><tr><td><strong>Yoga<\/strong><\/td><td> Martes: 18:45 y 20:00 h<br>Jueves  18:45 y  20:00 h <\/td><\/tr><\/tbody><\/table><\/figure>\n\n\n\n<p><\/p>\n\n\n\n<p><\/p>\n","protected":false},"excerpt":{"rendered":"<p>Misas (horario de invierno) Diario (Lunes a Viernes): 8:00 y 19:00 h. S\u00e1bados: 9:30 (con Laudes) y 19:00 h. Domingos&hellip;<\/p>\n","protected":false},"author":1,"featured_media":0,"parent":0,"menu_order":0,"comment_status":"closed","ping_status":"closed","template":"","meta":{"footnotes":""},"class_list":["post-108","page","type-page","status-publish","hentry"],"_links":{"self":[{"href":"https:\/\/san-hilario.es\/index.php\/wp-json\/wp\/v2\/pages\/108","targetHints":{"allow":["GET"]}}],"collection":[{"href":"https:\/\/san-hilario.es\/index.php\/wp-json\/wp\/v2\/pages"}],"about":[{"href":"https:\/\/san-hilario.es\/index.php\/wp-json\/wp\/v2\/types\/page"}],"author":[{"embeddable":true,"href":"https:\/\/san-hilario.es\/index.php\/wp-json\/wp\/v2\/users\/1"}],"replies":[{"embeddable":true,"href":"https:\/\/san-hilario.es\/index.php\/wp-json\/wp\/v2\/comments?post=108"}],"version-history":[{"count":36,"href":"https:\/\/san-hilario.es\/index.php\/wp-json\/wp\/v2\/pages\/108\/revisions"}],"predecessor-version":[{"id":1399,"href":"https:\/\/san-hilario.es\/index.php\/wp-json\/wp\/v2\/pages\/108\/revisions\/1399"}],"wp:attachment":[{"href":"https:\/\/san-hilario.es\/index.php\/wp-json\/wp\/v2\/media?parent=108"}],"curies":[{"name":"wp","href":"https:\/\/api.w.org\/{rel}","templated":true}]}}

<figure class="wp-block-table is-style-regular"><table><tbody><tr><td><strong>Misas (horario de invierno)</strong><strong></strong></td></tr><tr><td>   Diario (Lunes a Viernes): 8:00 y 19:00 h.</td></tr><tr><td>   <strong>Sábados</strong>: 9:30 (con Laudes) y 19:00 h.</td></tr><tr><td>   <strong>Domingos y festivos</strong>: 9:30 12:00 13:00 y 19:00 h.</td></tr><tr><td><strong>Misas (horario de verano julio y agosto)</strong></td></tr><tr><td>  <strong> Diario</strong>: 20:00 h.</td></tr><tr><td>   <strong>Domingos y festivos</strong>: 9:30 12:30 y 20:00 h.</td></tr><tr><td><strong>Celebración del Perdón</strong></td></tr><tr><td>   <strong>Individual</strong>: antes de cada eucaristía y, en cualquier momento, pidiéndoselo a los sacerdotes.</td></tr><tr><td><strong>Comunitaria</strong>: <br>                      <strong>Adviento</strong> 17 de diciembre a las 19:45 h.<br>                      <strong>Cuaresma</strong> 25 de marzo a las 19:45 h.</td></tr><tr><td><strong>Despacho Parroquial</strong></td></tr><tr><td>   <strong>Lunes</strong> de 13:00 a 14:00 h.</td></tr><tr><td>   <strong>Martes y Jueves</strong> de 17:30 a 18:30 h.</td></tr><tr><td>   <strong>Viernes</strong> de 20:00 a 21:00 h.</td></tr></tbody></table></figure>



<h2 class="wp-block-heading">Acciones pastorales y servicios a la comunidad</h2>



<h3 class="wp-block-heading">CATEQUESIS Y FORMACIÓN</h3>



<p>La finalidad de la catequesis es que todo hombre y mujer puedan experimentar la presencia de Dios en sus vidas. Es un camino de crecimiento y maduración en la fe en un contexto comunitario-eclesial que informa la mente y toca el corazón llevando a la persona a abrazar a Cristo de modo pleno. Por medio de la catequesis podemos captar el plan de Dios-Padre centrado en la persona de Cristo en la propia vida cotidiana; además de de descubrir el significado último de la existencia y la historia.<br>Vemos la catequesis como un proceso continuado, no sectorial ni para el sacramento, sino para vida desde la comunidad cristiana.<br>Toda la comunidad cristiana es la responsable de la catequesis, ya que la catequesis es un aspecto de la evangelización. Y la Iglesia toda es la que evangeliza, aunque hay que reseñar, de manera especial, la labor del catequista.</p>



<figure class="wp-block-table"><table><tbody><tr><td>P<strong>ara niños</strong></td><td>Domingos de 10:45 a 11:45 h (a las 12,  Eucaristía).</td></tr><tr><td><strong>Para preadolescentes</strong></td><td>Domingos de 13:00 a 14:00 h</td></tr><tr><td><strong>Para jóvenes</strong></td><td>Domingos por la tarde.</td></tr><tr><td><strong>Para padres</strong></td><td>Domingos alternos, dos grupos, uno a las 11.00 y otro a las 13:00 h.</td></tr><tr><td><strong>Lectio divina: parábolas y cartas de San Pablo</strong></td><td>Jueves de 19:45 a 20:45 h.</td></tr><tr><td><strong>Vida Ascendente</strong></td><td>Miércoles de 17:45 a 18:30 h</td></tr><tr><td><strong>Curso  de Biblia </strong></td><td>Viernes de 19:45 a 21:00 h</td></tr><tr><td><strong>Grupo encuentro, oración</strong> <strong>y formación</strong></td><td>3º sábado de mes a las 17:00 h</td></tr><tr><td></td><td></td></tr></tbody></table></figure>



<h3 class="wp-block-heading">CATEQUESIS DE PREPARACIÓN  A LOS SACRAMENTOS</h3>



<div class="wp-block-columns is-layout-flex wp-container-core-columns-is-layout-9d6595d7 wp-block-columns-is-layout-flex">
<div class="wp-block-column is-layout-flow wp-block-column-is-layout-flow" style="flex-basis:100%">
<div class="wp-block-columns is-layout-flex wp-container-core-columns-is-layout-9d6595d7 wp-block-columns-is-layout-flex">
<div class="wp-block-column is-layout-flow wp-block-column-is-layout-flow" style="flex-basis:100%">
<div class="wp-block-group"><div class="wp-block-group__inner-container is-layout-flow wp-block-group-is-layout-flow">
<div class="wp-block-columns is-layout-flex wp-container-core-columns-is-layout-9d6595d7 wp-block-columns-is-layout-flex">
<div class="wp-block-column is-layout-flow wp-block-column-is-layout-flow" style="flex-basis:100%">
<figure class="wp-block-table"><table><tbody><tr><td><strong>Bautismo</strong></td><td>1º y 2º sábado de mes&nbsp; 17:30 a 18:30 h </td></tr><tr><td><strong>Matrimonio</strong></td><td>Avisar con tres meses de antelación, en ese momento se concretará la fecha del cursillo en el que participarán los novios</td></tr><tr><td><strong>Equipo de catequistas de infancia</strong></td><td>4º domingo de mes a las 12:45 h</td></tr><tr><td><strong>Equipo de catequistas de “preas” y jóvenes</strong></td><td>Reunión mensual</td></tr></tbody></table></figure>
</div>
</div>
</div></div>
</div>
</div>
</div>
</div>



<h3 class="wp-block-heading">CÁRITAS Y COMPROMISO SOCIAL</h3>



<p>La caridad  es una dimensión esencial, constitutiva de nuestra vida cristiana y eclesial, que compete a cada uno en particular y a toda la comunidad. El amor al prójimo enraizado en el Amor a Dios es tarea para cada fiel, pero lo es también para toda la comunidad eclesial llamada a dar testimonio de la misericordia de Dios.</p>



<p>Es necesario que la comunidad cristiana sea el verdadero sujeto eclesial de la caridad y toda ella se sienta implicada en el servicio a los pobres; porque desde el ejercicio de la caridad, la Comunidad cristiana se hace sacramento del amor de Dios para los hombres en medio del mundo.</p>



<p>La Iglesia es caridad. Lo ha sido, lo es y lo debe seguir siendo siempre, si quiere ser Iglesia de Cristo que dio su vida por todos. Ha de estar atenta a las necesidades materiales, psíquicas y espirituales no sólo de los miembros de la propia comunidad, sino del entorno (Arciprestazgo), de la Vicaría, de la sociedad en general y del mundo empobrecido, de cerca o de lejos.</p>



<figure class="wp-block-table"><table><tbody><tr><td><strong>Despacho de acogida</strong><br></td><td>Jueves de 17:00 a 18:00 h</td></tr><tr><td><strong>Equipo</strong> <strong>de</strong> <strong>Cáritas</strong> <strong>y voluntarios</strong></td><td>segundo lunes de mes a las 19:45 h.</td></tr><tr><td><strong>Pastoral de la Salud, Apoyo a la debilidad y demás voluntarios</strong></td><td>Reunión bimensual</td></tr><tr><td><strong>Comisión  del</strong> <strong>Proyecto Solidario &#8211; Manos Unidas</strong></td><td>Primer sábado de mes a las 11:00 h</td></tr><tr><td><strong>Recogida de ropa y zapatos  para Cáritas Diocesana (Moda Re)</strong></td><td>&nbsp;</td></tr><tr><td><strong>Operación kilo en Navidad y recogida de alimentos  para familias necesitadas</strong></td><td>A lo largo del año.</td></tr><tr><td><strong>Recogida de medicinas no caducadas para Cáritas de Venezuela</strong></td><td>Permanente</td></tr><tr><td><strong>Taller de ESCUCHA PERSONALIZADA </strong></td><td>Horarios a concretar</td></tr></tbody></table></figure>



<h4 class="wp-block-heading"><strong>CELEBRACIONES DE LA FE</strong></h4>



<p>En las celebraciones litúrgicas confesamos y proclamamos nuestra fe. Celebrar es expresar con <strong>gozo y júbilo</strong> lo que vivimos y creemos. Lo que no se expresa no es, no existe, o puede acabar no siendo, no existiendo. Expresar es pasar al plano de lo visible y sensible aquello que permanecía invisible, que estaba dentro.</p>



<p>Lo que expresamos en una celebración cobra vida, no se queda en la razón, en lo  teórico, en los conceptos. La fe que se celebra se hace vida porque la celebración es un paso importante para encarnar la fe, para traducirla en compromiso. <br>La celebración litúrgica crea y recrea a la comunidad. La comunidad que celebra la fe se va haciendo más comunidad.<br></p>



<figure class="wp-block-table"><table><tbody><tr><td><strong>Rosario</strong></td><td>Todos los días a las 18:30h<br>(En mayo: “Flores a María” a las 18:15 h)</td></tr><tr><td><strong>Exposición y oración ante el Santísimo</strong></td><td>Martes de 19:40 a 20:30 h</td></tr><tr><td><strong>Oración Taizé</strong></td><td>Terceros domingos:  &nbsp; 19:00 a 20:00h</td></tr><tr><td><strong>Retiros</strong></td><td><strong>Adviento</strong>: 29 de noviembre (Sábado de 10:30-13:30 h)<br><strong>Cuaresma</strong>: 21 de febrero  (sábado de 10:30-13:30 h)</td></tr></tbody></table></figure>



<h3 class="wp-block-heading"><strong>AULA DE CULTURA Y TALLERES</strong></h3>



<p>La Parroquia está llamada a ser lugar y signo de referencia, facilitadora de todo aquello para lo que esté capacitada y pueda contribuir al desarrollo personal, al encuentro, al diálogo, a la socialización y al cultivo de la amistad.<br>De ahí la propuesta de nuestra Parroquia: «Aula de<strong> Cultura» y «Talleres»</strong>.</p>



<h4 class="wp-block-heading"><em><strong>C</strong></em><strong><em>ultura</em></strong>: </h4>



<figure class="wp-block-table"><table><tbody><tr><td><strong>Informática</strong></td><td><strong>Lunes</strong> 16:00 h<br><strong>Martes</strong> 16:00 h.<br><strong>Miércoles</strong> 17:00 h.</td></tr><tr><td><strong>Actualización cultural</strong></td><td><strong>Lunes</strong> de 17:30 a 19:30 h.</td></tr><tr><td><strong>Curso de Arte</strong> <strong>e Historia</strong></td><td><strong>Martes</strong> y jueves a las 17:30 a 19:00 h.</td></tr><tr><td><strong>Curso de Inglés</strong></td><td><strong>Miércoles</strong> (mañana) y <strong>viernes</strong> (tarde)</td></tr><tr><td><strong>Guitarra</strong></td><td><strong>Viernes</strong> de 18:0 a 19:00 h.</td></tr><tr><td><strong>Grupo de Teatro</strong></td><td><strong>Lunes</strong> de 19:00 a 21:00 h.</td></tr><tr><td></td><td></td></tr></tbody></table></figure>



<h4 class="wp-block-heading"><em><strong>Talleres</strong></em></h4>



<figure class="wp-block-table"><table><tbody><tr><td><strong>Taller de memoria</strong></td><td> <strong>Lunes</strong> 11:00 y 17:30 h.<strong><br>Miércoles</strong> 17:00 h<br><strong>Viernes</strong> 18:30 y 19:45 h </td></tr><tr><td><strong>Taller de comunicación</strong></td><td>Miércoles de 11:00 a 12:30 h.</td></tr><tr><td><strong>Taller de comunicación 2</strong></td><td>Sábados alternos de 10:30 a 13:00 h.</td></tr><tr><td><strong>Taller de lectura</strong></td><td>Jueves a las 17:00 h</td></tr><tr><td><strong>Manejo de móvil</strong></td><td>Miércoles (mañana)</td></tr><tr><td><strong>Manualidades</strong></td><td>Martes de 17:30 19:00 h</td></tr><tr><td><strong>Baile en línea</strong></td><td>Lunes, miércoles y viernes (tarde)</td></tr><tr><td><strong>Gimnasia de mantenimiento</strong></td><td>Martes y jueves (mañana y tarde)</td></tr><tr><td><strong>Grupo instrumental &#8211; Banda</strong> <br>         <strong> «ROKILARIOS»</strong></td><td>Miércoles a las 20:00 h.</td></tr><tr><td><strong>Taichí </strong></td><td>Viernes de 11:00 a 12:00 h.</td></tr><tr><td><strong>Yoga</strong></td><td> Martes: 18:45 y 20:00 h<br>Jueves  18:45 y  20:00 h </td></tr></tbody></table></figure>



<p></p>



<p></p>

<p>Misas (horario de invierno) Diario (Lunes a Viernes): 8:00 y 19:00 h. Sábados: 9:30 (con Laudes) y 19:00 h. Domingos&hellip;</p>
