{"id":213,"date":"2020-08-29T10:17:39","date_gmt":"2020-08-29T08:17:39","guid":{"rendered":"http:\/\/san-hilario.es\/?page_id=213"},"modified":"2020-09-15T18:32:46","modified_gmt":"2020-09-15T16:32:46","slug":"doctrina-social-de-la-iglesia","status":"publish","type":"page","link":"https:\/\/san-hilario.es\/index.php\/formacion-cristiana-de-adultos\/doctrina-social-de-la-iglesia\/","title":{"rendered":"Doctrina Social de la Iglesia"},"content":{"rendered":"\n<p>La Doctrina Social de la Iglesia anuncia y actualiza el mensaje de Jesucristo en campos fundamentales de la vida del ser humano: familia, trabajo, econom\u00eda, pol\u00edtica, comunidad internacional, medio ambiente y la paz.<\/p>\n\n\n\n<p>Principios permanentes de la DSI:<\/p>\n\n\n\n<p>-El eje fundamental de la DSI es la dignidad de toda persona y su desarrollo en todas sus dimensiones (material, afectiva, social, espiritual).<\/p>\n\n\n\n<p>-El bien com\u00fan es un deber de todos los miembros de la sociedad, todos somos responsables de colaborar, seg\u00fan las propias capacidades, en su consecuci\u00f3n y desarrollo.<\/p>\n\n\n\n<p>-El destino universal de los bienes y la opci\u00f3n preferencial por los pobres.<\/p>\n\n\n\n<p>-La participaci\u00f3n en la vida comunitaria de modo responsable y con vistas al bien com\u00fan.<\/p>\n\n\n\n<p>-La solidaridad es el empe\u00f1o por el bien com\u00fan, para que todos seamos responsables de todos.<\/p>\n\n\n\n<p>Todos podemos ser art\u00edfices e instrumentos de la DSI si aprendemos a mirar con los ojos de Cristo.<\/p>\n\n\n\n<p>A veces, nos quejamos de que la Iglesia no toma postura ante los retos del mundo, puede ser, pero no estar\u00eda mal estudiar sus documentos y tener criterio formado.<\/p>\n\n\n\n<p>Te invitamos a participar de los cursos de DSI que se dan en nuestra parroquia los primeros martes de cada mes. <\/p>\n","protected":false},"excerpt":{"rendered":"<p>La Doctrina Social de la Iglesia anuncia y actualiza el mensaje de Jesucristo en campos fundamentales de la vida del&hellip;<\/p>\n","protected":false},"author":1,"featured_media":0,"parent":39,"menu_order":0,"comment_status":"closed","ping_status":"closed","template":"","meta":{"footnotes":""},"class_list":["post-213","page","type-page","status-publish","hentry"],"_links":{"self":[{"href":"https:\/\/san-hilario.es\/index.php\/wp-json\/wp\/v2\/pages\/213","targetHints":{"allow":["GET"]}}],"collection":[{"href":"https:\/\/san-hilario.es\/index.php\/wp-json\/wp\/v2\/pages"}],"about":[{"href":"https:\/\/san-hilario.es\/index.php\/wp-json\/wp\/v2\/types\/page"}],"author":[{"embeddable":true,"href":"https:\/\/san-hilario.es\/index.php\/wp-json\/wp\/v2\/users\/1"}],"replies":[{"embeddable":true,"href":"https:\/\/san-hilario.es\/index.php\/wp-json\/wp\/v2\/comments?post=213"}],"version-history":[{"count":2,"href":"https:\/\/san-hilario.es\/index.php\/wp-json\/wp\/v2\/pages\/213\/revisions"}],"predecessor-version":[{"id":329,"href":"https:\/\/san-hilario.es\/index.php\/wp-json\/wp\/v2\/pages\/213\/revisions\/329"}],"up":[{"embeddable":true,"href":"https:\/\/san-hilario.es\/index.php\/wp-json\/wp\/v2\/pages\/39"}],"wp:attachment":[{"href":"https:\/\/san-hilario.es\/index.php\/wp-json\/wp\/v2\/media?parent=213"}],"curies":[{"name":"wp","href":"https:\/\/api.w.org\/{rel}","templated":true}]}}