{"id":59,"date":"2020-08-27T17:19:33","date_gmt":"2020-08-27T15:19:33","guid":{"rendered":"http:\/\/san-hilario.es\/?page_id=59"},"modified":"2025-12-03T21:08:52","modified_gmt":"2025-12-03T20:08:52","slug":"aula-de-cultura-y-talleres","status":"publish","type":"page","link":"https:\/\/san-hilario.es\/index.php\/aula-de-cultura-y-talleres\/","title":{"rendered":"Aula de Cultura y Talleres"},"content":{"rendered":"\n<p>La parroquia, en nuestro barrio, est\u00e1 llamada a ser lugar y signo de referencia, facilitadora de todo aquello para lo que est\u00e9 capacitada y pueda contribuir al desarrollo personal, al encuentro, al di\u00e1logo, a la socializaci\u00f3n y al cultivo de la amistad.<\/p>\n\n\n\n<p>De ah\u00ed, la propuesta de nuestra \u201c<strong>Aula de Cultura\u201d <\/strong> y \u201c<strong>Talleres\u201d<\/strong>  para las personas pertenecientes a la feligres\u00eda, pero sin excluir a nadie por cuestiones de formaci\u00f3n, ideolog\u00eda o creencia. Est\u00e1 al alcance de todo el que quisiera participar. El \u00fanico l\u00edmite es la capacidad de los espacios, que ciertamente son muy amplios.<\/p>\n\n\n\n<h4 class=\"wp-block-heading\"><strong><em>Cultura<\/em><\/strong><\/h4>\n\n\n\n<figure class=\"wp-block-table\"><table><tbody><tr><td><strong>Clases de inform\u00e1tica<\/strong><\/td><td>Lunes 16:00 h<br>Martes 16:00 h<br>Mi\u00e9rcoles 17:00 h<\/td><\/tr><tr><td><strong>Actualizaci\u00f3n cultural<\/strong><\/td><td>Lunes de 17:30 a 19:00 h.<\/td><\/tr><tr><td><strong>Curso de arte<\/strong><\/td><td>Martes y jueves 17:30 a 19:00 h.<\/td><\/tr><tr><td><strong>Curso de Ingl\u00e9s<\/strong><\/td><td>Mi\u00e9rcoles (ma\u00f1ana) y viernes (tarde)<\/td><\/tr><tr><td><strong>Clases de guitarra<\/strong><\/td><td>viernes de 18:00 a 19:00 h<\/td><\/tr><tr><td><strong>Grupo de teatro<\/strong><\/td><td>lunes de 19:00 a 21:00 h.<\/td><\/tr><\/tbody><\/table><\/figure>\n\n\n\n<h4 class=\"wp-block-heading\"><strong><em>Talleres<\/em><\/strong><\/h4>\n\n\n\n<figure class=\"wp-block-table\"><table><tbody><tr><td><strong>Taller de memoria<\/strong><\/td><td>Lunes 11:00; 17:30 <br>Mi\u00e9rcoles 17:00<br>viernes 18:30<\/td><\/tr><tr><td><strong>Comunicaci\u00f3n<\/strong><\/td><td>mi\u00e9rcoles de 11:00 a 12:30 h.<\/td><\/tr><tr><td><strong>Comunicaci\u00f3n 2<\/strong><\/td><td>s\u00e1bados alternos de 10:30 a 13:00h<\/td><\/tr><tr><td><strong>Taller de lectura<\/strong><\/td><td>Jueves a las 17:00 h.<\/td><\/tr><tr><td><strong>Manejo de m\u00f3vil<\/strong><\/td><td>Mi\u00e9rcoles (ma\u00f1ana)<\/td><\/tr><tr><td><strong>Grupo instrumental \u00ab<em>Rokilarios\u00bb<\/em><\/strong><\/td><td>Mi\u00e9rcoles a las 20:00 h<\/td><\/tr><tr><td><strong>Manualidades<\/strong><\/td><td>Martes de 17:30 a 19:00 h<\/td><\/tr><tr><td><strong>Gimnasia de mantenimiento<\/strong><\/td><td>Martes y jueves (ma\u00f1ana y tarde)<\/td><\/tr><tr><td><strong>Baile en l\u00ednea<\/strong><\/td><td>Lunes, mi\u00e9rcoles y viernes (17:15)<\/td><\/tr><tr><td><strong>Taich\u00ed<\/strong><\/td><td>Viernes de 11:00 a 12:00 h.<\/td><\/tr><tr><td><strong>Yoga<\/strong><\/td><td>Martes 18:45 y 20:00 h.<br>Jueves 18:45 y 20:00 h.<\/td><\/tr><tr><td><\/td><td><\/td><\/tr><\/tbody><\/table><\/figure>\n\n\n\n<h4 class=\"wp-block-heading\"><\/h4>\n","protected":false},"excerpt":{"rendered":"<p>La parroquia, en nuestro barrio, est\u00e1 llamada a ser lugar y signo de referencia, facilitadora de todo aquello para lo&hellip;<\/p>\n","protected":false},"author":1,"featured_media":229,"parent":0,"menu_order":0,"comment_status":"closed","ping_status":"closed","template":"","meta":{"footnotes":""},"class_list":["post-59","page","type-page","status-publish","has-post-thumbnail","hentry"],"_links":{"self":[{"href":"https:\/\/san-hilario.es\/index.php\/wp-json\/wp\/v2\/pages\/59","targetHints":{"allow":["GET"]}}],"collection":[{"href":"https:\/\/san-hilario.es\/index.php\/wp-json\/wp\/v2\/pages"}],"about":[{"href":"https:\/\/san-hilario.es\/index.php\/wp-json\/wp\/v2\/types\/page"}],"author":[{"embeddable":true,"href":"https:\/\/san-hilario.es\/index.php\/wp-json\/wp\/v2\/users\/1"}],"replies":[{"embeddable":true,"href":"https:\/\/san-hilario.es\/index.php\/wp-json\/wp\/v2\/comments?post=59"}],"version-history":[{"count":6,"href":"https:\/\/san-hilario.es\/index.php\/wp-json\/wp\/v2\/pages\/59\/revisions"}],"predecessor-version":[{"id":1470,"href":"https:\/\/san-hilario.es\/index.php\/wp-json\/wp\/v2\/pages\/59\/revisions\/1470"}],"wp:featuredmedia":[{"embeddable":true,"href":"https:\/\/san-hilario.es\/index.php\/wp-json\/wp\/v2\/media\/229"}],"wp:attachment":[{"href":"https:\/\/san-hilario.es\/index.php\/wp-json\/wp\/v2\/media?parent=59"}],"curies":[{"name":"wp","href":"https:\/\/api.w.org\/{rel}","templated":true}]}}

<p>La parroquia, en nuestro barrio, está llamada a ser lugar y signo de referencia, facilitadora de todo aquello para lo que esté capacitada y pueda contribuir al desarrollo personal, al encuentro, al diálogo, a la socialización y al cultivo de la amistad.</p>



<p>De ahí, la propuesta de nuestra “<strong>Aula de Cultura” </strong> y “<strong>Talleres”</strong>  para las personas pertenecientes a la feligresía, pero sin excluir a nadie por cuestiones de formación, ideología o creencia. Está al alcance de todo el que quisiera participar. El único límite es la capacidad de los espacios, que ciertamente son muy amplios.</p>



<h4 class="wp-block-heading"><strong><em>Cultura</em></strong></h4>



<figure class="wp-block-table"><table><tbody><tr><td><strong>Clases de informática</strong></td><td>Lunes 16:00 h<br>Martes 16:00 h<br>Miércoles 17:00 h</td></tr><tr><td><strong>Actualización cultural</strong></td><td>Lunes de 17:30 a 19:00 h.</td></tr><tr><td><strong>Curso de arte</strong></td><td>Martes y jueves 17:30 a 19:00 h.</td></tr><tr><td><strong>Curso de Inglés</strong></td><td>Miércoles (mañana) y viernes (tarde)</td></tr><tr><td><strong>Clases de guitarra</strong></td><td>viernes de 18:00 a 19:00 h</td></tr><tr><td><strong>Grupo de teatro</strong></td><td>lunes de 19:00 a 21:00 h.</td></tr></tbody></table></figure>



<h4 class="wp-block-heading"><strong><em>Talleres</em></strong></h4>



<figure class="wp-block-table"><table><tbody><tr><td><strong>Taller de memoria</strong></td><td>Lunes 11:00; 17:30 <br>Miércoles 17:00<br>viernes 18:30</td></tr><tr><td><strong>Comunicación</strong></td><td>miércoles de 11:00 a 12:30 h.</td></tr><tr><td><strong>Comunicación 2</strong></td><td>sábados alternos de 10:30 a 13:00h</td></tr><tr><td><strong>Taller de lectura</strong></td><td>Jueves a las 17:00 h.</td></tr><tr><td><strong>Manejo de móvil</strong></td><td>Miércoles (mañana)</td></tr><tr><td><strong>Grupo instrumental «<em>Rokilarios»</em></strong></td><td>Miércoles a las 20:00 h</td></tr><tr><td><strong>Manualidades</strong></td><td>Martes de 17:30 a 19:00 h</td></tr><tr><td><strong>Gimnasia de mantenimiento</strong></td><td>Martes y jueves (mañana y tarde)</td></tr><tr><td><strong>Baile en línea</strong></td><td>Lunes, miércoles y viernes (17:15)</td></tr><tr><td><strong>Taichí</strong></td><td>Viernes de 11:00 a 12:00 h.</td></tr><tr><td><strong>Yoga</strong></td><td>Martes 18:45 y 20:00 h.<br>Jueves 18:45 y 20:00 h.</td></tr><tr><td></td><td></td></tr></tbody></table></figure>



<h4 class="wp-block-heading"></h4>

<p>La parroquia, en nuestro barrio, está llamada a ser lugar y signo de referencia, facilitadora de todo aquello para lo&hellip;</p>
