{"id":71,"date":"2020-08-27T17:25:45","date_gmt":"2020-08-27T15:25:45","guid":{"rendered":"http:\/\/san-hilario.es\/?page_id=71"},"modified":"2024-04-15T13:53:33","modified_gmt":"2024-04-15T11:53:33","slug":"liturgia-y-oracion","status":"publish","type":"page","link":"https:\/\/san-hilario.es\/index.php\/liturgia-y-oracion\/","title":{"rendered":"Liturgia y Oraci\u00f3n"},"content":{"rendered":"\n<p>En las celebraciones lit\u00fargicas, confesamos y proclamamos nuestra fe. Celebrar es expresar con <strong><em>gozo y j\u00fabilo<\/em><\/strong> lo que vivimos y creemos. Lo que no se expresa, no es, no existe, o puede acabar no siendo, no existiendo. Expresar es pasar al plano de lo visible y sensible aquello que permanec\u00eda invisible, que estaba dentro.<\/p>\n\n\n\n<p>Lo que expresamos en una celebraci\u00f3n, cobra vida, no se queda en la raz\u00f3n, en lo te\u00f3rico, en los conceptos. La fe que se celebra se hace vida porque la celebraci\u00f3n es un paso importante para encarnar la fe, para traducirla en compromiso.<\/p>\n\n\n\n<p>La celebraci\u00f3n lit\u00fargica crea y recrea a la comunidad. La comunidad que celebra la fe se va haciendo m\u00e1s comunidad.<\/p>\n\n\n\n<p><\/p>\n","protected":false},"excerpt":{"rendered":"<p>En las celebraciones lit\u00fargicas, confesamos y proclamamos nuestra fe. Celebrar es expresar con gozo y j\u00fabilo lo que vivimos y&hellip;<\/p>\n","protected":false},"author":1,"featured_media":149,"parent":0,"menu_order":0,"comment_status":"closed","ping_status":"closed","template":"","meta":{"footnotes":""},"class_list":["post-71","page","type-page","status-publish","has-post-thumbnail","hentry"],"_links":{"self":[{"href":"https:\/\/san-hilario.es\/index.php\/wp-json\/wp\/v2\/pages\/71","targetHints":{"allow":["GET"]}}],"collection":[{"href":"https:\/\/san-hilario.es\/index.php\/wp-json\/wp\/v2\/pages"}],"about":[{"href":"https:\/\/san-hilario.es\/index.php\/wp-json\/wp\/v2\/types\/page"}],"author":[{"embeddable":true,"href":"https:\/\/san-hilario.es\/index.php\/wp-json\/wp\/v2\/users\/1"}],"replies":[{"embeddable":true,"href":"https:\/\/san-hilario.es\/index.php\/wp-json\/wp\/v2\/comments?post=71"}],"version-history":[{"count":3,"href":"https:\/\/san-hilario.es\/index.php\/wp-json\/wp\/v2\/pages\/71\/revisions"}],"predecessor-version":[{"id":1135,"href":"https:\/\/san-hilario.es\/index.php\/wp-json\/wp\/v2\/pages\/71\/revisions\/1135"}],"wp:featuredmedia":[{"embeddable":true,"href":"https:\/\/san-hilario.es\/index.php\/wp-json\/wp\/v2\/media\/149"}],"wp:attachment":[{"href":"https:\/\/san-hilario.es\/index.php\/wp-json\/wp\/v2\/media?parent=71"}],"curies":[{"name":"wp","href":"https:\/\/api.w.org\/{rel}","templated":true}]}}