{"id":81,"date":"2020-08-27T17:30:06","date_gmt":"2020-08-27T15:30:06","guid":{"rendered":"http:\/\/san-hilario.es\/?page_id=81"},"modified":"2020-09-13T21:00:19","modified_gmt":"2020-09-13T19:00:19","slug":"pastoral-de-enfermos","status":"publish","type":"page","link":"https:\/\/san-hilario.es\/index.php\/accion-social-y-caritativa\/pastoral-de-enfermos\/","title":{"rendered":"Pastoral de Enfermos"},"content":{"rendered":"\n<p>Las personas que forman este grupo tienen como misi\u00f3n la atenci\u00f3n a las personas vulnerables de la parroquia, ya sea por la edad o por enfermedad y que tienen dif\u00edcil desplazarse fuera de casa para participar en las celebraciones comunitarias o cualquier otra cosa.\u00a0 A los que lo desean se les lleva la comuni\u00f3n semanalmente. En estas visitas se va creando un espacio de amistad con la persona y con la familia.<\/p>\n\n\n\n<p><strong>El equipo lo forman <\/strong>los sacerdotes de la parroquia, una religiosa, que dedica todo su tiempo a esta funci\u00f3n, y varias personas que realizan visitas de acompa\u00f1amiento.<\/p>\n\n\n\n<h3 class=\"wp-block-heading\"><strong><u>AYUDA EN LA DEBILIDAD<\/u><\/strong> <\/h3>\n\n\n\n<p><\/p>\n\n\n\n<p>Dentro de la Pastoral de Enfermos, este a\u00f1o se ha creado el nuevo grupo \u201cAyuda en la Debilidad\u201d<\/p>\n\n\n\n<p>El grupo lo forman voluntarios de la parroquia que, a solicitud de las personas que viven solas, que no tienen familiares y que por su edad avanzada necesitan ser acompa\u00f1adas, de manera puntual,\u00a0 para ir al m\u00e9dico o a otros desplazamientos. <\/p>\n\n\n\n<p>Este grupo no sustituye los servicios sociales que existen en el entorno y que, a veces, desconocen las personas atendidas, por lo que tambi\u00e9n se les informa de sus derechos. <\/p>\n","protected":false},"excerpt":{"rendered":"<p>Las personas que forman este grupo tienen como misi\u00f3n la atenci\u00f3n a las personas vulnerables de la parroquia, ya sea&hellip;<\/p>\n","protected":false},"author":1,"featured_media":0,"parent":57,"menu_order":0,"comment_status":"closed","ping_status":"closed","template":"","meta":{"footnotes":""},"class_list":["post-81","page","type-page","status-publish","hentry"],"_links":{"self":[{"href":"https:\/\/san-hilario.es\/index.php\/wp-json\/wp\/v2\/pages\/81","targetHints":{"allow":["GET"]}}],"collection":[{"href":"https:\/\/san-hilario.es\/index.php\/wp-json\/wp\/v2\/pages"}],"about":[{"href":"https:\/\/san-hilario.es\/index.php\/wp-json\/wp\/v2\/types\/page"}],"author":[{"embeddable":true,"href":"https:\/\/san-hilario.es\/index.php\/wp-json\/wp\/v2\/users\/1"}],"replies":[{"embeddable":true,"href":"https:\/\/san-hilario.es\/index.php\/wp-json\/wp\/v2\/comments?post=81"}],"version-history":[{"count":4,"href":"https:\/\/san-hilario.es\/index.php\/wp-json\/wp\/v2\/pages\/81\/revisions"}],"predecessor-version":[{"id":318,"href":"https:\/\/san-hilario.es\/index.php\/wp-json\/wp\/v2\/pages\/81\/revisions\/318"}],"up":[{"embeddable":true,"href":"https:\/\/san-hilario.es\/index.php\/wp-json\/wp\/v2\/pages\/57"}],"wp:attachment":[{"href":"https:\/\/san-hilario.es\/index.php\/wp-json\/wp\/v2\/media?parent=81"}],"curies":[{"name":"wp","href":"https:\/\/api.w.org\/{rel}","templated":true}]}}